{"id":1137,"date":"2018-05-17T12:08:09","date_gmt":"2018-05-17T10:08:09","guid":{"rendered":"https:\/\/www.ch-fecamp.fr\/?page_id=1137"},"modified":"2025-09-25T15:42:01","modified_gmt":"2025-09-25T13:42:01","slug":"demarche-de-certification-has","status":"publish","type":"page","link":"https:\/\/www.ch-fecamp.fr\/index.php\/demarche-de-certification-has\/","title":{"rendered":"D\u00e9marche de certification HAS"},"content":{"rendered":"\n<p>La certification, mission confi\u00e9e \u00e0 la Haute Autorit\u00e9 de Sant\u00e9 (HAS) par les ordonnances de 1996, est une proc\u00e9dure d\u2019\u00e9valuation externe des \u00e9tablissements de sant\u00e9 publics et priv\u00e9s effectu\u00e9e par des professionnels (des pairs) mandat\u00e9s par la HAS : les experts-visiteurs. Cette proc\u00e9dure quadri-annuelle, ind\u00e9pendante de l\u2019\u00e9tablissement et de ses organismes de tutelle, porte sur le niveau de qualit\u00e9 et de s\u00e9curit\u00e9 des soins d\u00e9livr\u00e9s aux patients. Obligatoire, elle est codifi\u00e9e \u00e0 l\u2019article L6113-3 (et suivants) du code de la sant\u00e9 publique.<\/p>\n\n\n\n<p>La certification constitue une des modalit\u00e9s de mesure de la qualit\u00e9 des soins en \u00e9tablissements de sant\u00e9 et vise l\u2019appropriation des standards de la qualit\u00e9 par les \u00e9tablissements. Elle y favorise \u00e9galement la mise en \u0153uvre d\u2019une dynamique d\u2019am\u00e9lioration de la qualit\u00e9 et de la s\u00e9curit\u00e9 des soins. Elle est une certification globale et non une certification de toutes les activit\u00e9s de l&rsquo;\u00e9tablissement.<\/p>\n\n\n\n<p>En effet, le dispositif porte sur le fonctionnement global de l&rsquo;\u00e9tablissement et n&rsquo;a pas vocation \u00e0 \u00e9valuer sp\u00e9cifiquement le fonctionnement de chaque secteur d&rsquo;activit\u00e9. Elle fournit une \u00e9valuation de la qualit\u00e9 et de la s\u00e9curit\u00e9 des soins des \u00e9tablissements de sant\u00e9 aux usagers et aux Agences r\u00e9gionales de sant\u00e9 (ARS) sans se substituer aux inspections et contr\u00f4les de s\u00e9curit\u00e9 sanitaire men\u00e9s par ces autorit\u00e9s de tutelle.<\/p>\n\n\n\n<p>La derni\u00e8re visite de certification commune Centre Hospitalier Intercommunal du Pays des Hautes Falaises et GCS P\u00f4le de Sant\u00e9 Chirurgical de F\u00e9camp a eu lieu la semaine du 23 au 27 septembre 2024.<\/p>\n\n\n\n<p>La HAS a prononc\u00e9 la certification \u00ab\u00a0Qualit\u00e9 des soins confirm\u00e9e du&nbsp;Centre Hospitalier Intercommunal du Pays des Hautes Falaises et GCS P\u00f4le de Sant\u00e9 Chirurgical de F\u00e9camp.&nbsp;&nbsp;&nbsp;&nbsp;&nbsp;&nbsp;&nbsp;&nbsp;&nbsp;&nbsp;&nbsp;&nbsp;&nbsp;&nbsp;&nbsp;&nbsp;&nbsp;&nbsp;&nbsp;&nbsp;&nbsp;&nbsp;&nbsp;&nbsp;&nbsp;&nbsp; &nbsp;&nbsp;&nbsp;&nbsp;&nbsp;&nbsp;&nbsp;&nbsp;&nbsp;&nbsp;&nbsp;&nbsp;&nbsp;&nbsp;&nbsp;&nbsp;&nbsp;&nbsp;&nbsp;&nbsp;&nbsp;&nbsp;&nbsp;&nbsp;&nbsp;&nbsp;&nbsp;&nbsp;&nbsp;&nbsp;&nbsp;&nbsp;&nbsp;&nbsp;&nbsp;<\/p>\n\n\n\n<p>En effet, la Haute Autorit\u00e9 de Sant\u00e9 a d\u00e9cid\u00e9 de proc\u00e9der \u00e0 une \u00e9valuation commune H\u00f4pital\/GCS du fait d\u2019une transformation structurelle de l\u2019offre de soins, ce qui n\u00e9cessite du temps pour la mise en place et r\u00e9pondre aux normes de certification nationales.\u00a0\u00a0<\/p>\n\n\n\n<figure class=\"wp-block-image size-full\"><img decoding=\"async\" loading=\"lazy\" width=\"369\" height=\"473\" src=\"https:\/\/www.ch-fecamp.fr\/wp-content\/uploads\/2025\/09\/image.png\" alt=\"\" class=\"wp-image-4479\" srcset=\"https:\/\/www.ch-fecamp.fr\/wp-content\/uploads\/2025\/09\/image.png 369w, https:\/\/www.ch-fecamp.fr\/wp-content\/uploads\/2025\/09\/image-234x300.png 234w\" sizes=\"(max-width: 369px) 100vw, 369px\" \/><\/figure>\n\n\n\n<p><strong>Lien pour acc\u00e9der au rapport complet de visite\u00a0:\u00a0<\/strong><a href=\"https:\/\/www.has-sante.fr\/portail\/jcms\/c_590744\/fr\/centre-hospitalier-intercommunal-du-pays-des-hautes-falaises-fecamp\">Cliquer ici<\/a><\/p>\n","protected":false},"excerpt":{"rendered":"<p>La certification, mission confi\u00e9e \u00e0 la Haute Autorit\u00e9 de Sant\u00e9 (HAS) par les ordonnances de 1996, est une proc\u00e9dure d\u2019\u00e9valuation externe des \u00e9tablissements de sant\u00e9 publics et priv\u00e9s effectu\u00e9e par des professionnels (des pairs) mandat\u00e9s par la HAS : les experts-visiteurs. Cette proc\u00e9dure quadri-annuelle, ind\u00e9pendante de l\u2019\u00e9tablissement et de ses organismes de tutelle, porte sur [&hellip;]<\/p>\n","protected":false},"author":2,"featured_media":0,"parent":0,"menu_order":0,"comment_status":"closed","ping_status":"closed","template":"","meta":[],"_links":{"self":[{"href":"https:\/\/www.ch-fecamp.fr\/index.php\/wp-json\/wp\/v2\/pages\/1137"}],"collection":[{"href":"https:\/\/www.ch-fecamp.fr\/index.php\/wp-json\/wp\/v2\/pages"}],"about":[{"href":"https:\/\/www.ch-fecamp.fr\/index.php\/wp-json\/wp\/v2\/types\/page"}],"author":[{"embeddable":true,"href":"https:\/\/www.ch-fecamp.fr\/index.php\/wp-json\/wp\/v2\/users\/2"}],"replies":[{"embeddable":true,"href":"https:\/\/www.ch-fecamp.fr\/index.php\/wp-json\/wp\/v2\/comments?post=1137"}],"version-history":[{"count":10,"href":"https:\/\/www.ch-fecamp.fr\/index.php\/wp-json\/wp\/v2\/pages\/1137\/revisions"}],"predecessor-version":[{"id":4480,"href":"https:\/\/www.ch-fecamp.fr\/index.php\/wp-json\/wp\/v2\/pages\/1137\/revisions\/4480"}],"wp:attachment":[{"href":"https:\/\/www.ch-fecamp.fr\/index.php\/wp-json\/wp\/v2\/media?parent=1137"}],"curies":[{"name":"wp","href":"https:\/\/api.w.org\/{rel}","templated":true}]}}