{"id":1147,"date":"2018-05-17T12:10:00","date_gmt":"2018-05-17T10:10:00","guid":{"rendered":"https:\/\/www.ch-fecamp.fr\/?page_id=1147"},"modified":"2024-09-18T13:58:52","modified_gmt":"2024-09-18T11:58:52","slug":"clud","status":"publish","type":"page","link":"https:\/\/www.ch-fecamp.fr\/index.php\/clud\/","title":{"rendered":"CLUD"},"content":{"rendered":"<p>[et_pb_section fb_built=\u00a0\u00bb1&Prime; admin_label=\u00a0\u00bbsection\u00a0\u00bb _builder_version=\u00a0\u00bb3.0.47&Prime;][et_pb_row admin_label=\u00a0\u00bbrow\u00a0\u00bb _builder_version=\u00a0\u00bb3.0.47&Prime; background_size=\u00a0\u00bbinitial\u00a0\u00bb background_position=\u00a0\u00bbtop_left\u00a0\u00bb background_repeat=\u00a0\u00bbrepeat\u00a0\u00bb][et_pb_column type=\u00a0\u00bb4_4&Prime; _builder_version=\u00a0\u00bb3.0.47&Prime; parallax=\u00a0\u00bboff\u00a0\u00bb parallax_method=\u00a0\u00bbon\u00a0\u00bb][et_pb_text admin_label=\u00a0\u00bbText\u00a0\u00bb _builder_version=\u00a0\u00bb3.0.47&Prime; background_size=\u00a0\u00bbinitial\u00a0\u00bb background_position=\u00a0\u00bbtop_left\u00a0\u00bb background_repeat=\u00a0\u00bbrepeat\u00a0\u00bb]<\/p>\n<p style=\"text-align: center;\"><span style=\"color: #000000;\"><strong><u>CLUD<\/u><\/strong><strong>\u00a0: Comit\u00e9 de Lutte contre la Douleur<\/strong><\/span><\/p>\n<p>Le Comit\u00e9 de Lutte contre la Douleur (CLUD) du Centre Hospitalier de F\u00e9camp participe \u00e0 l&rsquo;am\u00e9lioration de la prise en charge de la douleur, sujet prioritaire au sein de notre h\u00f4pital.<\/p>\n<p>Missions principales\u00a0:<\/p>\n<p style=\"padding-left: 30px;\">&#8211; Promouvoir, coordonner et faciliter la mise en place des protocoles de lutte contre la douleur dans tous les services de l&rsquo;\u00e9tablissement et aider \u00e0 la d\u00e9finition d&rsquo;une politique de soins coh\u00e9rente en mati\u00e8re de prise en charge de la douleur.<\/p>\n<p style=\"padding-left: 30px;\">&#8211; D\u00e9finir des actions d&rsquo;information et de formation de l&rsquo;ensemble des professionnels sur la prise en charge de la douleur<\/p>\n<p style=\"padding-left: 30px;\">&#8211; Proposer des alternatives au traitement m\u00e9dicamenteux pour soulager la douleur (ex\u00a0: projet sur la communication hypnotique).<\/p>\n<p>&nbsp;<\/p>\n<p>Le programme d\u2019actions d\u00e9finit par le CLUD est mis en \u0153uvre gr\u00e2ce aux r\u00e9f\u00e9rents douleur nomm\u00e9s au sein des services de soins.<\/p>\n<p style=\"padding-left: 30px;\">\n<p>[\/et_pb_text][\/et_pb_column][\/et_pb_row][\/et_pb_section]<\/p>\n","protected":false},"excerpt":{"rendered":"<p>[et_pb_section fb_built=\u00a0\u00bb1&Prime; admin_label=\u00a0\u00bbsection\u00a0\u00bb _builder_version=\u00a0\u00bb3.0.47&Prime;][et_pb_row admin_label=\u00a0\u00bbrow\u00a0\u00bb _builder_version=\u00a0\u00bb3.0.47&Prime; background_size=\u00a0\u00bbinitial\u00a0\u00bb background_position=\u00a0\u00bbtop_left\u00a0\u00bb background_repeat=\u00a0\u00bbrepeat\u00a0\u00bb][et_pb_column type=\u00a0\u00bb4_4&Prime; _builder_version=\u00a0\u00bb3.0.47&Prime; parallax=\u00a0\u00bboff\u00a0\u00bb parallax_method=\u00a0\u00bbon\u00a0\u00bb][et_pb_text admin_label=\u00a0\u00bbText\u00a0\u00bb _builder_version=\u00a0\u00bb3.0.47&Prime; background_size=\u00a0\u00bbinitial\u00a0\u00bb background_position=\u00a0\u00bbtop_left\u00a0\u00bb background_repeat=\u00a0\u00bbrepeat\u00a0\u00bb] CLUD\u00a0: Comit\u00e9 de Lutte contre la Douleur Le Comit\u00e9 de Lutte contre la Douleur (CLUD) du Centre Hospitalier de F\u00e9camp participe \u00e0 l&rsquo;am\u00e9lioration de la prise en charge de la douleur, sujet prioritaire au sein de notre [&hellip;]<\/p>\n","protected":false},"author":2,"featured_media":0,"parent":0,"menu_order":0,"comment_status":"closed","ping_status":"closed","template":"","meta":[],"_links":{"self":[{"href":"https:\/\/www.ch-fecamp.fr\/index.php\/wp-json\/wp\/v2\/pages\/1147"}],"collection":[{"href":"https:\/\/www.ch-fecamp.fr\/index.php\/wp-json\/wp\/v2\/pages"}],"about":[{"href":"https:\/\/www.ch-fecamp.fr\/index.php\/wp-json\/wp\/v2\/types\/page"}],"author":[{"embeddable":true,"href":"https:\/\/www.ch-fecamp.fr\/index.php\/wp-json\/wp\/v2\/users\/2"}],"replies":[{"embeddable":true,"href":"https:\/\/www.ch-fecamp.fr\/index.php\/wp-json\/wp\/v2\/comments?post=1147"}],"version-history":[{"count":11,"href":"https:\/\/www.ch-fecamp.fr\/index.php\/wp-json\/wp\/v2\/pages\/1147\/revisions"}],"predecessor-version":[{"id":4386,"href":"https:\/\/www.ch-fecamp.fr\/index.php\/wp-json\/wp\/v2\/pages\/1147\/revisions\/4386"}],"wp:attachment":[{"href":"https:\/\/www.ch-fecamp.fr\/index.php\/wp-json\/wp\/v2\/media?parent=1147"}],"curies":[{"name":"wp","href":"https:\/\/api.w.org\/{rel}","templated":true}]}}