{"id":1158,"date":"2018-05-17T12:12:32","date_gmt":"2018-05-17T10:12:32","guid":{"rendered":"https:\/\/www.ch-fecamp.fr\/?page_id=1158"},"modified":"2024-09-18T14:09:49","modified_gmt":"2024-09-18T12:09:49","slug":"cdu","status":"publish","type":"page","link":"https:\/\/www.ch-fecamp.fr\/index.php\/cdu\/","title":{"rendered":"CDU"},"content":{"rendered":"<p>[et_pb_section fb_built=\u00a0\u00bb1&Prime; admin_label=\u00a0\u00bbsection\u00a0\u00bb _builder_version=\u00a0\u00bb3.0.47&Prime; custom_padding=\u00a0\u00bb54px|0px|53px|0px\u00a0\u00bb][et_pb_row admin_label=\u00a0\u00bbrow\u00a0\u00bb _builder_version=\u00a0\u00bb3.0.47&Prime; background_size=\u00a0\u00bbinitial\u00a0\u00bb background_position=\u00a0\u00bbtop_left\u00a0\u00bb background_repeat=\u00a0\u00bbrepeat\u00a0\u00bb][et_pb_column type=\u00a0\u00bb4_4&Prime; _builder_version=\u00a0\u00bb3.0.47&Prime; parallax=\u00a0\u00bboff\u00a0\u00bb parallax_method=\u00a0\u00bbon\u00a0\u00bb][et_pb_text admin_label=\u00a0\u00bbText\u00a0\u00bb _builder_version=\u00a0\u00bb3.0.47&Prime; background_size=\u00a0\u00bbinitial\u00a0\u00bb background_position=\u00a0\u00bbtop_left\u00a0\u00bb background_repeat=\u00a0\u00bbrepeat\u00a0\u00bb]<\/p>\n<p style=\"text-align: center;\"><span style=\"color: #000000;\"><strong><u>CDU<\/u><\/strong>&nbsp;: <strong>Commission des Usagers<\/strong><\/span><\/p>\n<p>Cette commission a vocation \u00e0 d\u00e9fendre les int\u00e9r\u00eats des patients, en veillant au respect de leurs droits, \u00e0 faciliter leurs d\u00e9marches, \u00e0 contribuer \u00e0 l\u2019am\u00e9lioration de la politique d\u2019accueil de prise en charge des usagers et de leur entourage et d\u2019informer la personne malade (ou ses proches) sur les voies de conciliations et de recours dont elle dispose (Commission R\u00e9gionale de Conciliation et d\u2019Indemnisation des Actes M\u00e9dicaux, Tribunal Administratif\u2026).<\/p>\n<p>Elle facilite les d\u00e9marches de ces personnes et veille \u00e0 ce qu\u2019elles puissent le cas \u00e9ch\u00e9ant, exprimer leurs griefs aupr\u00e8s des responsables de l\u2019\u00e9tablissement, entendre les explications de ces derniers et \u00eatre inform\u00e9es des suites de leurs demandes.<\/p>\n<p>Elle est compos\u00e9e de repr\u00e9sentants des Usagers, du Directeur de l\u2019\u00e9tablissement, de deux m\u00e9diateurs (m\u00e9decin et non m\u00e9decin), du pr\u00e9sident de la Commission M\u00e9dicale d\u2019\u00e9tablissement, du Directeur des Soins et du responsable Qualit\u00e9.<\/p>\n<p>Si vous souhaitez formuler des \u00e9loges, une r\u00e9clamation sur les prestations ou la prise en charge qui vous ont \u00e9t\u00e9 propos\u00e9es ou si vous vous estimez victime d\u2019un pr\u00e9judice lors de votre s\u00e9jour ou apr\u00e8s votre sortie, il vous est possible :<\/p>\n<ul>\n<li>de rencontrer le Cadre de sant\u00e9 ou le M\u00e9decin de l\u2019unit\u00e9 d\u2019hospitalisation,<\/li>\n<li>de contacter le Responsable des relations avec les Usagers en \u00e9crivant \u00e0 l&rsquo;adresse suivante : <a href=\"mailto:qualite@ch-fecamp.fr\">qualite@ch-fecamp.fr<\/a><\/li>\n<li>ou d\u2019adresser un courrier au Directeur de l\u2019Etablissement.<\/li>\n<\/ul>\n<p style=\"text-align: center;\"><span style=\"color: #000000;\"><strong>Vous pouvez pr\u00e9alablement saisir les Repr\u00e9sentants des Usagers qui jouent un r\u00f4le d\u2019interm\u00e9diaires et de facilitateurs. Ils appartiennent \u00e0 diff\u00e9rentes associations de patients et peuvent \u00eatre contact\u00e9s par t\u00e9l\u00e9phone. Vous retrouverez leurs coordonn\u00e9es dans chaque service ainsi qu\u2019au <\/strong><\/span><\/p>\n<p><a href=\"mailto:qualite@ch-fecamp.fr\"><\/a><\/p>\n<p>[\/et_pb_text][\/et_pb_column][\/et_pb_row][\/et_pb_section]<\/p>\n\n<div class=\"wp-block-image\">\n<figure class=\"aligncenter size-large\"><img decoding=\"async\" loading=\"lazy\" width=\"724\" height=\"1024\" src=\"https:\/\/www.ch-fecamp.fr\/wp-content\/uploads\/2024\/09\/QUA-1532-V6-Plaquette-Des-interlocuteurs-a-votre-ecoute_page-0001-724x1024.jpg\" alt=\"\" class=\"wp-image-4379\" srcset=\"https:\/\/www.ch-fecamp.fr\/wp-content\/uploads\/2024\/09\/QUA-1532-V6-Plaquette-Des-interlocuteurs-a-votre-ecoute_page-0001-724x1024.jpg 724w, https:\/\/www.ch-fecamp.fr\/wp-content\/uploads\/2024\/09\/QUA-1532-V6-Plaquette-Des-interlocuteurs-a-votre-ecoute_page-0001-212x300.jpg 212w, https:\/\/www.ch-fecamp.fr\/wp-content\/uploads\/2024\/09\/QUA-1532-V6-Plaquette-Des-interlocuteurs-a-votre-ecoute_page-0001-768x1086.jpg 768w, https:\/\/www.ch-fecamp.fr\/wp-content\/uploads\/2024\/09\/QUA-1532-V6-Plaquette-Des-interlocuteurs-a-votre-ecoute_page-0001-1086x1536.jpg 1086w, https:\/\/www.ch-fecamp.fr\/wp-content\/uploads\/2024\/09\/QUA-1532-V6-Plaquette-Des-interlocuteurs-a-votre-ecoute_page-0001-1080x1527.jpg 1080w, https:\/\/www.ch-fecamp.fr\/wp-content\/uploads\/2024\/09\/QUA-1532-V6-Plaquette-Des-interlocuteurs-a-votre-ecoute_page-0001.jpg 1241w\" sizes=\"(max-width: 724px) 100vw, 724px\" \/><\/figure><\/div>","protected":false},"excerpt":{"rendered":"<p>[et_pb_section fb_built=\u00a0\u00bb1&Prime; admin_label=\u00a0\u00bbsection\u00a0\u00bb _builder_version=\u00a0\u00bb3.0.47&Prime; custom_padding=\u00a0\u00bb54px|0px|53px|0px\u00a0\u00bb][et_pb_row admin_label=\u00a0\u00bbrow\u00a0\u00bb _builder_version=\u00a0\u00bb3.0.47&Prime; background_size=\u00a0\u00bbinitial\u00a0\u00bb background_position=\u00a0\u00bbtop_left\u00a0\u00bb background_repeat=\u00a0\u00bbrepeat\u00a0\u00bb][et_pb_column type=\u00a0\u00bb4_4&Prime; _builder_version=\u00a0\u00bb3.0.47&Prime; parallax=\u00a0\u00bboff\u00a0\u00bb parallax_method=\u00a0\u00bbon\u00a0\u00bb][et_pb_text admin_label=\u00a0\u00bbText\u00a0\u00bb _builder_version=\u00a0\u00bb3.0.47&Prime; background_size=\u00a0\u00bbinitial\u00a0\u00bb background_position=\u00a0\u00bbtop_left\u00a0\u00bb background_repeat=\u00a0\u00bbrepeat\u00a0\u00bb] CDU&nbsp;: Commission des Usagers Cette commission a vocation \u00e0 d\u00e9fendre les int\u00e9r\u00eats des patients, en veillant au respect de leurs droits, \u00e0 faciliter leurs d\u00e9marches, \u00e0 contribuer \u00e0 l\u2019am\u00e9lioration de la politique d\u2019accueil de prise en [&hellip;]<\/p>\n","protected":false},"author":2,"featured_media":0,"parent":0,"menu_order":0,"comment_status":"closed","ping_status":"closed","template":"","meta":[],"_links":{"self":[{"href":"https:\/\/www.ch-fecamp.fr\/index.php\/wp-json\/wp\/v2\/pages\/1158"}],"collection":[{"href":"https:\/\/www.ch-fecamp.fr\/index.php\/wp-json\/wp\/v2\/pages"}],"about":[{"href":"https:\/\/www.ch-fecamp.fr\/index.php\/wp-json\/wp\/v2\/types\/page"}],"author":[{"embeddable":true,"href":"https:\/\/www.ch-fecamp.fr\/index.php\/wp-json\/wp\/v2\/users\/2"}],"replies":[{"embeddable":true,"href":"https:\/\/www.ch-fecamp.fr\/index.php\/wp-json\/wp\/v2\/comments?post=1158"}],"version-history":[{"count":19,"href":"https:\/\/www.ch-fecamp.fr\/index.php\/wp-json\/wp\/v2\/pages\/1158\/revisions"}],"predecessor-version":[{"id":4396,"href":"https:\/\/www.ch-fecamp.fr\/index.php\/wp-json\/wp\/v2\/pages\/1158\/revisions\/4396"}],"wp:attachment":[{"href":"https:\/\/www.ch-fecamp.fr\/index.php\/wp-json\/wp\/v2\/media?parent=1158"}],"curies":[{"name":"wp","href":"https:\/\/api.w.org\/{rel}","templated":true}]}}