{"id":2896,"date":"2021-01-06T13:57:48","date_gmt":"2021-01-06T12:57:48","guid":{"rendered":"https:\/\/www.ch-fecamp.fr\/?page_id=2896"},"modified":"2021-01-06T14:04:36","modified_gmt":"2021-01-06T13:04:36","slug":"vaccination-covid-19","status":"publish","type":"page","link":"https:\/\/www.ch-fecamp.fr\/index.php\/vaccination-covid-19\/","title":{"rendered":"VACCINATION  CONTRE LA COVID-19"},"content":{"rendered":"\n<p><strong>LA CAMPAGNE DE VACCINATION CONTRE LA COVID-19 EST LANCEE.<\/strong><\/p>\n\n\n\n<p><strong>Elle s\u2019organise selon des phases d\u00e9finies nationalement.<\/strong><\/p>\n\n\n\n<p><strong>Les professionnels de sant\u00e9 de 50 ans et plus et\/ou ceux qui pr\u00e9sentent des crit\u00e8res de co-morbidit\u00e9 sont prioritaires mais l\u2019ensemble du personnel hospitalier pourra se faire vacciner dans un d\u00e9lai restant \u00e0 d\u00e9finir.<\/strong><\/p>\n\n\n\n<p><strong>Ce vaccin s\u2019administre en 2 injections s\u00e9par\u00e9es de 21 jours.<\/strong><\/p>\n\n\n\n<p class=\"has-text-color has-vivid-cyan-blue-color\"><strong><b>L\u2019organisation, au sein du CH de F\u00e9camp vous sera communiqu\u00e9e d\u00e8s que possible mais nous vous demandons de vous pr\u00e9inscrire d\u00e8s maintenant par mail ou par courrier interne <\/b>aupr\u00e8s du service de Sant\u00e9 au Travail si vous \u00eates volontaire pour cette vaccination aux adresses mails suivantes : <\/strong><\/p>\n\n\n\n<p><a href=\"mailto:alexandra.roger@ch-fecamp.fr\">alexandra.roger@ch-fecamp.fr<\/a><\/p>\n\n\n\n<p><a href=\"mailto:delphine.lemonnier@ch-fecamp.fr\">delphine.lemonnier@ch-fecamp.fr<\/a><\/p>\n\n\n\n<p><strong><em>Pour tous renseignements compl\u00e9mentaires, n\u2019h\u00e9sitez pas \u00e0 prendre contact avec le Service de Sant\u00e9 au Travail au 02.35.10.91.46.<\/em><\/strong><\/p>\n\n\n\n<p><\/p>\n","protected":false},"excerpt":{"rendered":"<p>LA CAMPAGNE DE VACCINATION CONTRE LA COVID-19 EST LANCEE. Elle s\u2019organise selon des phases d\u00e9finies nationalement. Les professionnels de sant\u00e9 de 50 ans et plus et\/ou ceux qui pr\u00e9sentent des crit\u00e8res de co-morbidit\u00e9 sont prioritaires mais l\u2019ensemble du personnel hospitalier pourra se faire vacciner dans un d\u00e9lai restant \u00e0 d\u00e9finir. Ce vaccin s\u2019administre en 2 [&hellip;]<\/p>\n","protected":false},"author":9,"featured_media":0,"parent":0,"menu_order":0,"comment_status":"closed","ping_status":"closed","template":"","meta":[],"_links":{"self":[{"href":"https:\/\/www.ch-fecamp.fr\/index.php\/wp-json\/wp\/v2\/pages\/2896"}],"collection":[{"href":"https:\/\/www.ch-fecamp.fr\/index.php\/wp-json\/wp\/v2\/pages"}],"about":[{"href":"https:\/\/www.ch-fecamp.fr\/index.php\/wp-json\/wp\/v2\/types\/page"}],"author":[{"embeddable":true,"href":"https:\/\/www.ch-fecamp.fr\/index.php\/wp-json\/wp\/v2\/users\/9"}],"replies":[{"embeddable":true,"href":"https:\/\/www.ch-fecamp.fr\/index.php\/wp-json\/wp\/v2\/comments?post=2896"}],"version-history":[{"count":2,"href":"https:\/\/www.ch-fecamp.fr\/index.php\/wp-json\/wp\/v2\/pages\/2896\/revisions"}],"predecessor-version":[{"id":2898,"href":"https:\/\/www.ch-fecamp.fr\/index.php\/wp-json\/wp\/v2\/pages\/2896\/revisions\/2898"}],"wp:attachment":[{"href":"https:\/\/www.ch-fecamp.fr\/index.php\/wp-json\/wp\/v2\/media?parent=2896"}],"curies":[{"name":"wp","href":"https:\/\/api.w.org\/{rel}","templated":true}]}}