{"id":3058,"date":"2021-04-14T14:37:45","date_gmt":"2021-04-14T12:37:45","guid":{"rendered":"https:\/\/www.ch-fecamp.fr\/?page_id=3058"},"modified":"2021-04-14T15:14:41","modified_gmt":"2021-04-14T13:14:41","slug":"projet-detablissement-2020-2024","status":"publish","type":"page","link":"https:\/\/www.ch-fecamp.fr\/index.php\/projet-detablissement-2020-2024\/","title":{"rendered":"Projets d&rsquo;\u00e9tablissement 2020-2024"},"content":{"rendered":"\n<p><a href=\"https:\/\/www.ch-fecamp.fr\/wp-content\/uploads\/2020\/11\/Projet-d\u00e9tablissement-2020-2024-V5-Suite-MODIFS-instances.pdf\">Projet d&rsquo;\u00e9tablissement 2020-2024<\/a><\/p>\n\n\n\n<p><a href=\"https:\/\/www.ch-fecamp.fr\/wp-content\/uploads\/2021\/04\/Projet-d\u00e9tablissement-des-EHPAD-du-CH-Fecamp-VERSION-DEFINITIVE-du-15-09-2020.pdf\">Projet d&rsquo;\u00e9tablissement des EHPAD 2020-2024 <\/a><\/p>\n\n\n\n<p><a rel=\"noreferrer noopener\" href=\"https:\/\/www.ch-fecamp.fr\/wp-content\/uploads\/2021\/04\/2019-10-01Projet_medicosoigant_CH_FECAMP_VCompleteFA.pdf\" target=\"_blank\">Projet M\u00e9dico-Soignant 2020-2024<\/a>  <\/p>\n\n\n\n<p><a href=\"https:\/\/www.ch-fecamp.fr\/wp-content\/uploads\/2021\/04\/Projet-M\u00e9dico-Social-du-CSAPA-2020-2024.pdf\">Projet M\u00e9dico-Social du CSAPA 2020-2024<\/a><\/p>\n\n\n\n<p><\/p>\n","protected":false},"excerpt":{"rendered":"<p>Projet d&rsquo;\u00e9tablissement 2020-2024 Projet d&rsquo;\u00e9tablissement des EHPAD 2020-2024 Projet M\u00e9dico-Soignant 2020-2024 Projet M\u00e9dico-Social du CSAPA 2020-2024<\/p>\n","protected":false},"author":9,"featured_media":0,"parent":0,"menu_order":0,"comment_status":"closed","ping_status":"closed","template":"","meta":[],"_links":{"self":[{"href":"https:\/\/www.ch-fecamp.fr\/index.php\/wp-json\/wp\/v2\/pages\/3058"}],"collection":[{"href":"https:\/\/www.ch-fecamp.fr\/index.php\/wp-json\/wp\/v2\/pages"}],"about":[{"href":"https:\/\/www.ch-fecamp.fr\/index.php\/wp-json\/wp\/v2\/types\/page"}],"author":[{"embeddable":true,"href":"https:\/\/www.ch-fecamp.fr\/index.php\/wp-json\/wp\/v2\/users\/9"}],"replies":[{"embeddable":true,"href":"https:\/\/www.ch-fecamp.fr\/index.php\/wp-json\/wp\/v2\/comments?post=3058"}],"version-history":[{"count":4,"href":"https:\/\/www.ch-fecamp.fr\/index.php\/wp-json\/wp\/v2\/pages\/3058\/revisions"}],"predecessor-version":[{"id":3065,"href":"https:\/\/www.ch-fecamp.fr\/index.php\/wp-json\/wp\/v2\/pages\/3058\/revisions\/3065"}],"wp:attachment":[{"href":"https:\/\/www.ch-fecamp.fr\/index.php\/wp-json\/wp\/v2\/media?parent=3058"}],"curies":[{"name":"wp","href":"https:\/\/api.w.org\/{rel}","templated":true}]}}