{"id":4148,"date":"2023-09-01T15:24:59","date_gmt":"2023-09-01T13:24:59","guid":{"rendered":"https:\/\/www.ch-fecamp.fr\/?page_id=4148"},"modified":"2023-09-01T15:24:59","modified_gmt":"2023-09-01T13:24:59","slug":"court-sejour-geriatrique-csg","status":"publish","type":"page","link":"https:\/\/www.ch-fecamp.fr\/index.php\/court-sejour-geriatrique-csg\/","title":{"rendered":"Court S\u00e9jour G\u00e9riatrique (CSG)"},"content":{"rendered":"\n<p>Ce service de 20 lits situ\u00e9 au 3\u00e8me \u00e9tage prend en charge les patients les plus \u00e2g\u00e9s et les plus fragiles, dans l\u2019optique d\u2019un retour \u00e0 domicile. La prise en charge y est globale, avec une attention particuli\u00e8re \u00e0 la perte d\u2019autonomie et \u00e0 l\u2019\u00e9tat nutritionnel. Possibilit\u00e9 d\u2019admissions directes apr\u00e8s contact t\u00e9l\u00e9phonique entre le m\u00e9decin g\u00e9n\u00e9raliste et le g\u00e9riatre de l\u2019unit\u00e9.<\/p>\n","protected":false},"excerpt":{"rendered":"<p>Ce service de 20 lits situ\u00e9 au 3\u00e8me \u00e9tage prend en charge les patients les plus \u00e2g\u00e9s et les plus fragiles, dans l\u2019optique d\u2019un retour \u00e0 domicile. La prise en charge y est globale, avec une attention particuli\u00e8re \u00e0 la perte d\u2019autonomie et \u00e0 l\u2019\u00e9tat nutritionnel. Possibilit\u00e9 d\u2019admissions directes apr\u00e8s contact t\u00e9l\u00e9phonique entre le m\u00e9decin [&hellip;]<\/p>\n","protected":false},"author":9,"featured_media":0,"parent":0,"menu_order":0,"comment_status":"closed","ping_status":"closed","template":"","meta":[],"_links":{"self":[{"href":"https:\/\/www.ch-fecamp.fr\/index.php\/wp-json\/wp\/v2\/pages\/4148"}],"collection":[{"href":"https:\/\/www.ch-fecamp.fr\/index.php\/wp-json\/wp\/v2\/pages"}],"about":[{"href":"https:\/\/www.ch-fecamp.fr\/index.php\/wp-json\/wp\/v2\/types\/page"}],"author":[{"embeddable":true,"href":"https:\/\/www.ch-fecamp.fr\/index.php\/wp-json\/wp\/v2\/users\/9"}],"replies":[{"embeddable":true,"href":"https:\/\/www.ch-fecamp.fr\/index.php\/wp-json\/wp\/v2\/comments?post=4148"}],"version-history":[{"count":1,"href":"https:\/\/www.ch-fecamp.fr\/index.php\/wp-json\/wp\/v2\/pages\/4148\/revisions"}],"predecessor-version":[{"id":4149,"href":"https:\/\/www.ch-fecamp.fr\/index.php\/wp-json\/wp\/v2\/pages\/4148\/revisions\/4149"}],"wp:attachment":[{"href":"https:\/\/www.ch-fecamp.fr\/index.php\/wp-json\/wp\/v2\/media?parent=4148"}],"curies":[{"name":"wp","href":"https:\/\/api.w.org\/{rel}","templated":true}]}}

Court Séjour Gériatrique (CSG)

<p>Ce service de 20 lits situé au 3ème étage prend en charge les patients les plus âgés et les plus fragiles, dans l’optique d’un retour à domicile. La prise en charge y est globale, avec une attention particulière à la perte d’autonomie et à l’état nutritionnel. Possibilité d’admissions directes après contact téléphonique entre le médecin généraliste et le gériatre de l’unité.</p>

<p>Ce service de 20 lits situé au 3ème étage prend en charge les patients les plus âgés et les plus fragiles, dans l’optique d’un retour à domicile. La prise en charge y est globale, avec une attention particulière à la perte d’autonomie et à l’état nutritionnel. Possibilité d’admissions directes après contact téléphonique entre le médecin [&hellip;]</p>
